 digit of 127577714?
1
What is the hundred thousands digit of 7652647?
6
What is the tens digit of 25681176?
7
What is the hundreds digit of 410740927?
9
What is the units digit of 86408311?
1
What is the hundreds digit of 88738378?
3
What is the hundred millions digit of 1242679736?
2
What is the units digit of 47945156?
6
What is the millions digit of 62428095?
2
What is the hundreds digit of 50449536?
5
What is the ten millions digit of 5361906613?
6
What is the hundred millions digit of 604199136?
6
What is the millions digit of 604357404?
4
What is the ten thousands digit of 459351?
5
What is the ten thousands digit of 537117535?
1
What is the hundred thousands digit of 252179340?
1
What is the ten millions digit of 394531344?
9
What is the ten millions digit of 3622751385?
2
What is the millions digit of 147680990?
7
What is the hundred thousands digit of 2976625?
9
What is the hundreds digit of 612260143?
1
What is the ten thousands digit of 175795118?
9
What is the millions digit of 670535321?
0
What is the hundred thousands digit of 80723159?
7
What is the thousands digit of 102074751?
4
What is the thousands digit of 1085643964?
3
What is the hundreds digit of 46437377?
3
What is the units digit of 207965208?
8
What is the billions digit of 1495113267?
1
What is the thousands digit of 652108873?
8
What is the thousands digit of 27369101?
9
What is the millions digit of 3109825719?
9
What is the ten thousands digit of 76546?
7
What is the millions digit of 273280516?
3
What is the millions digit of 2148548561?
8
What is the tens digit of 21417085?
8
What is the units digit of 156602710?
0
What is the hundred thousands digit of 29500569?
5
What is the ten millions digit of 65743000?
6
What is the hundred millions digit of 4777394274?
7
What is the hundreds digit of 218532011?
0
What is the millions digit of 313672931?
3
What is the millions digit of 39245452?
9
What is the thousands digit of 74758085?
8
What is the units digit of 1581705595?
5
What is the tens digit of 505368689?
8
What is the units digit of 34921099?
9
What is the hundred thousands digit of 43765171?
7
What is the thousands digit of 1414481012?
1
What is the tens digit of 113195476?
7
What is the thousands digit of 6953627188?
7
What is the hundred millions digit of 711387736?
7
What is the hundreds digit of 4977319957?
9
What is the tens digit of 2046220994?
9
What is the hundred thousands digit of 441355827?
3
What is the units digit of 530486049?
9
What is the hundred millions digit of 140013590?
1
What is the hundreds digit of 6367884?
8
What is the hundred thousands digit of 541154716?
1
What is the units digit of 17474388?
8
What is the ten thousands digit of 39523150?
2
What is the tens digit of 3015414?
1
What is the units digit of 35843045?
5
What is the thousands digit of 623667?
3
What is the hundred thousands digit of 911182409?
1
What is the hundreds digit of 703628112?
1
What is the ten thousands digit of 4434417164?
1
What is the units digit of 41441883?
3
What is the hundreds digit of 2449790275?
2
What is the millions digit of 5757645452?
7
What is the ten millions digit of 678401397?
7
What is the units digit of 116158195?
5
What is the thousands digit of 72293908?
3
What is the thousands digit of 47784738?
4
What is the hundreds digit of 21726007?
0
What is the hundreds digit of 425774781?
7
What is the tens digit of 41947056?
5
What is the units digit of 55931161?
1
What is the tens digit of 83546499?
9
What is the tens digit of 648270007?
0
What is the ten millions digit of 272918575?
7
What is the thousands digit of 17116859?
6
What is the thousands digit of 5634651?
4
What is the hundreds digit of 152423007?
0
What is the millions digit of 12265241?
2
What is the millions digit of 594003327?
4
What is the tens digit of 14458495?
9
What is the units digit of 432750491?
1
What is the millions digit of 3260346206?
0
What is the hundred thousands digit of 714265789?
2
What is the millions digit of 230268100?
0
What is the tens digit of 230177362?
6
What is the hundred millions digit of 1190486156?
1
What is the hundred thousands digit of 599993048?
9
What is the millions digit of 1421434036?
1
What is the billions digit of 1028400281?
1
What is the millions digit of 32738956?
2
What is the tens digit of 67322720?
2
What is the hundred thousands digit of 6140945132?
9
What is the ten thousands digit of 215065846?
6
What is the thousands digit of 43902572?
2
What is the millions digit of 1345988594?
5
What is the millions digit of 1377421681?
7
What is the thousands digit of 7379636879?
6
What is the ten thousands digit of 111596829?
9
What is the hundred thousands digit of 245720153?
7
What is the millions digit of 435649884?
5
What is the hundred millions digit of 711176063?
7
What is the thousands digit of 2520288603?
8
What is the hundred thousands digit of 44389432?
3
What is the ten millions digit of 137080664?
3
What is the hundred thousands digit of 2312597463?
5
What is the ten thousands digit of 411982213?
8
What is the hundred thousands digit of 255257128?
2
What is the ten millions digit of 2698483310?
9
What is the units digit of 48740420?
0
What is the hundred thousands digit of 1128818377?
8
What is the ten thousands digit of 344103571?
0
What is the ten thousands digit of 3161108471?
0
What is the hundred thousands digit of 115099631?
0
What is the ten thousands digit of 103269707?
6
What is the hundred thousands digit of 40244049?
2
What is the millions digit of 14955403?
4
What is the thousands digit of 731972332?
2
What is the ten millions digit of 199872190?
9
What is the units digit of 1112402374?
4
What is the hundreds digit of 151626224?
2
What is the ten thousands digit of 889548787?
4
What is the hundred thousands digit of 16421859?
4
What is the thousands digit of 15846365?
6
What is the hundred thousands digit of 320640800?
6
What is the ten thousands digit of 486000592?
0
What is the units digit of 386226436?
6
What is the billions digit of 1061270849?
1
What is the units digit of 57741571?
1
What is the billions digit of 2512182355?
2
What is the thousands digit of 519002637?
2
What is the ten thousands digit of 212221848?
2
What is the hundreds digit of 102077415?
4
What is the tens digit of 54798483?
8
What is the ten millions digit of 42558772?
4
What is the ten thousands digit of 170699991?
9
What is the thousands digit of 59763980?
3
What is the millions digit of 43431163?
3
What is the ten thousands digit of 15242459?
4
What is the units digit of 273269071?
1
What is the hundreds digit of 46674906?
9
What is the millions digit of 490479192?
0
What is the hundred thousands digit of 285598921?
5
What is the hundred millions digit of 812178947?
8
What is the ten millions digit of 117520328?
1
What is the units digit of 210113796?
6
What is the ten thousands digit of 6229765?
2
What is the thousands digit of 311550437?
0
What is the ten millions digit of 1971647435?
7
What is the hundred millions digit of 1972319835?
9
What is the millions digit of 1866205103?
6
What is the hundreds digit of 31463896?
8
What is the ten millions digit of 625644326?
2
What is the units digit of 82290910?
0
What is the millions digit of 379517937?
9
What is the thousands digit of 65854827?
4
What is the thousands digit of 4319976?
9
What is the hundreds digit of 245543964?
9
What is the ten millions digit of 113330946?
1
What is the millions digit of 118417825?
8
What is the hundreds digit of 33042871?
8
What is the hundred thousands digit of 2028993940?
9
What is the tens digit of 23671792?
9
What is the ten thousands digit of 11283311?
8
What is the hundred millions digit of 794690150?
7
What is the units digit of 96955053?
3
What is the ten millions digit of 79596456?
7
What is the ten millions digit of 1990744826?
9
What is the thousands digit of 62779331?
9
What is the units digit of 4988903592?
2
What is the units digit of 534672303?
3
What is the hundreds digit of 577215369?
3
What is the tens digit of 3433676?
7
What is the thousands digit of 377273700?
3
What is the hundreds digit of 57146997?
9
What is the thousands digit of 189246832?
6
What is the tens digit of 4201643045?
4
What is the units digit of 1179234380?
0
What is 